{"id":84,"date":"2022-05-05T15:43:22","date_gmt":"2022-05-05T19:43:22","guid":{"rendered":"https:\/\/test.usinagelab.com\/wordpress\/?page_id=84"},"modified":"2022-06-15T16:27:11","modified_gmt":"2022-06-15T20:27:11","slug":"projets","status":"publish","type":"page","link":"https:\/\/usinagelab.com\/index.php\/projets\/","title":{"rendered":"Projets"},"content":{"rendered":"<style>\/*! elementor - v3.6.6 - 08-06-2022 *\/<br \/>\n.elementor-heading-title{padding:0;margin:0;line-height:1}.elementor-widget-heading .elementor-heading-title[class*=elementor-size-]>a{color:inherit;font-size:inherit;line-height:inherit}.elementor-widget-heading .elementor-heading-title.elementor-size-small{font-size:15px}.elementor-widget-heading .elementor-heading-title.elementor-size-medium{font-size:19px}.elementor-widget-heading .elementor-heading-title.elementor-size-large{font-size:29px}.elementor-widget-heading .elementor-heading-title.elementor-size-xl{font-size:39px}.elementor-widget-heading .elementor-heading-title.elementor-size-xxl{font-size:59px}<\/style>\n<h4>Fendeuse<\/h4>\n<p>Notre client ac\u00e9ricole voulait une fendeuse hydraulique pour couper des b\u00fbches de 48po. Nous avons con\u00e7u cet outil devenu indispensable \u00e0 sa production.<\/p>\n<style>\/*! elementor - v3.6.6 - 08-06-2022 *\/<br \/>\n.elementor-widget-image{text-align:center}.elementor-widget-image a{display:inline-block}.elementor-widget-image a img[src$=\".svg\"]{width:48px}.elementor-widget-image img{vertical-align:middle;display:inline-block}<\/style>\n<p>\t\t\t\t\t\t\t\t\t\t\t\t<img decoding=\"async\" width=\"1348\" height=\"847\" src=\"https:\/\/usinagelab.com\/wp-content\/uploads\/2022\/04\/Fendeuse.jpg\" alt=\"\" loading=\"lazy\" srcset=\"https:\/\/usinagelab.com\/wp-content\/uploads\/2022\/04\/Fendeuse.jpg 1348w, https:\/\/usinagelab.com\/wp-content\/uploads\/2022\/04\/Fendeuse-300x189.jpg 300w, https:\/\/usinagelab.com\/wp-content\/uploads\/2022\/04\/Fendeuse-1024x643.jpg 1024w, https:\/\/usinagelab.com\/wp-content\/uploads\/2022\/04\/Fendeuse-768x483.jpg 768w\" sizes=\"(max-width: 1348px) 100vw, 1348px\"><\/p>\n<h4>Raccord en plastique<\/h4>\n<p>Notre client ne voulait plus racheter des raccords en plastique car il ne durait que seulement 2 @ 3 semaines. Nous avons donc reproduit son raccord en acier inox avec quelques modifications, tel qu&#8217;il le voulait<\/p>\n<p><img decoding=\"async\" src=\"https:\/\/usinagelab.com\/wp-content\/uploads\/elementor\/thumbs\/fitting-scaled-pmxg5q1q8rqgefdcmpt12ekin318t8t7pcprlai4k4.jpg\" title=\"fitting\" alt=\"fitting\"><br \/>\n<img decoding=\"async\" src=\"https:\/\/usinagelab.com\/wp-content\/uploads\/elementor\/thumbs\/Reservoir-Nexkemia-pmxg5jguwxh5wuyrj3metebaagpkof3i1peg7vie8w.jpg\" title=\"R\u00e9servoir Nexkemia\" alt=\"R\u00e9servoir Nexkemia\"><\/p>\n<h4>R\u00e9servoir<\/h4>\n<p>Fabrication d&#8217;un r\u00e9servoir selon les plans fournis par le client. Avons effectu\u00e9 l&#8217;assemblage m\u00e9cano soud\u00e9 puis proc\u00e9d\u00e9 \u00e0 son installation dans l&#8217;usine.<\/p>\n<h4>Potence<\/h4>\n<p>Nouvelle potence de 1000lbs. Nous avons fait la conception, effectu\u00e9 l&#8217;assemblage\/soudure ainsi que son installation chez notre client<\/p>\n<p><img decoding=\"async\" width=\"1189\" height=\"776\" src=\"https:\/\/usinagelab.com\/wp-content\/uploads\/2022\/04\/Potence2.png\" alt=\"\" loading=\"lazy\" srcset=\"https:\/\/usinagelab.com\/wp-content\/uploads\/2022\/04\/Potence2.png 1189w, https:\/\/usinagelab.com\/wp-content\/uploads\/2022\/04\/Potence2-300x196.png 300w, https:\/\/usinagelab.com\/wp-content\/uploads\/2022\/04\/Potence2-1024x668.png 1024w, https:\/\/usinagelab.com\/wp-content\/uploads\/2022\/04\/Potence2-768x501.png 768w\" sizes=\"(max-width: 1189px) 100vw, 1189px\"><br \/>\n<img decoding=\"async\" width=\"1214\" height=\"778\" src=\"https:\/\/usinagelab.com\/wp-content\/uploads\/2022\/04\/cappage.jpg\" alt=\"\" loading=\"lazy\" srcset=\"https:\/\/usinagelab.com\/wp-content\/uploads\/2022\/04\/cappage.jpg 1214w, https:\/\/usinagelab.com\/wp-content\/uploads\/2022\/04\/cappage-300x192.jpg 300w, https:\/\/usinagelab.com\/wp-content\/uploads\/2022\/04\/cappage-1024x656.jpg 1024w, https:\/\/usinagelab.com\/wp-content\/uploads\/2022\/04\/cappage-768x492.jpg 768w\" sizes=\"(max-width: 1214px) 100vw, 1214px\"><\/p>\n<h4>Cappage entr\u00e9e de porte<\/h4>\n<p>Notre client devait remplacer les cappages d&#8217;une porte de son entrep\u00f4t. Nous avons \u00e9t\u00e9 prendre les dimensions sur place, fait la conception, effectu\u00e9 le pliage sur notre presse ainsi que son installation et soudure chez notre client.<\/p>\n<h4>Usinage<\/h4>\n<p>Que ce soit de simples petits morceaux \u00e0 des pi\u00e8ces plus complexes, nous saurons satisfaire vos besoins.<\/p>\n<p><img decoding=\"async\" width=\"480\" height=\"266\" src=\"https:\/\/usinagelab.com\/wp-content\/uploads\/2022\/04\/usinage-480x266-1.jpg\" alt=\"\" loading=\"lazy\" srcset=\"https:\/\/usinagelab.com\/wp-content\/uploads\/2022\/04\/usinage-480x266-1.jpg 480w, https:\/\/usinagelab.com\/wp-content\/uploads\/2022\/04\/usinage-480x266-1-300x166.jpg 300w\" sizes=\"(max-width: 480px) 100vw, 480px\"><br \/>\n<img decoding=\"async\" width=\"1214\" height=\"780\" src=\"https:\/\/usinagelab.com\/wp-content\/uploads\/2022\/04\/Hotte.jpg\" alt=\"\" loading=\"lazy\" srcset=\"https:\/\/usinagelab.com\/wp-content\/uploads\/2022\/04\/Hotte.jpg 1214w, https:\/\/usinagelab.com\/wp-content\/uploads\/2022\/04\/Hotte-300x193.jpg 300w, https:\/\/usinagelab.com\/wp-content\/uploads\/2022\/04\/Hotte-1024x658.jpg 1024w, https:\/\/usinagelab.com\/wp-content\/uploads\/2022\/04\/Hotte-768x493.jpg 768w\" sizes=\"(max-width: 1214px) 100vw, 1214px\"><\/p>\n<h4>Hotte industrielle<\/h4>\n<p>Remplacement d&#8217;une hotte pour r\u00e9colter la fum\u00e9e de plusieurs br\u00fbleurs. Nous avons am\u00e9lior\u00e9e la conception de cette nouvelle hotte, effectu\u00e9 l&#8217;assemblage\/soudure ainsi que son installation chez notre client.<\/p>\n","protected":false},"excerpt":{"rendered":"<p>Fendeuse Notre client ac\u00e9ricole voulait une fendeuse hydraulique pour couper des b\u00fbches de 48po. Nous avons con\u00e7u cet outil devenu indispensable \u00e0 sa production. Raccord [&hellip;]<\/p>\n","protected":false},"author":1,"featured_media":0,"parent":0,"menu_order":0,"comment_status":"closed","ping_status":"closed","template":"","meta":{"_regular_price":[],"currency_symbol":[]},"post_slider_layout_featured_media_urls":{"thumbnail":"","post_slider_layout_landscape_large":"","post_slider_layout_portrait_large":"","post_slider_layout_square_large":"","post_slider_layout_landscape":"","post_slider_layout_portrait":"","post_slider_layout_square":"","full":""},"_links":{"self":[{"href":"https:\/\/usinagelab.com\/index.php\/wp-json\/wp\/v2\/pages\/84"}],"collection":[{"href":"https:\/\/usinagelab.com\/index.php\/wp-json\/wp\/v2\/pages"}],"about":[{"href":"https:\/\/usinagelab.com\/index.php\/wp-json\/wp\/v2\/types\/page"}],"author":[{"embeddable":true,"href":"https:\/\/usinagelab.com\/index.php\/wp-json\/wp\/v2\/users\/1"}],"replies":[{"embeddable":true,"href":"https:\/\/usinagelab.com\/index.php\/wp-json\/wp\/v2\/comments?post=84"}],"version-history":[{"count":20,"href":"https:\/\/usinagelab.com\/index.php\/wp-json\/wp\/v2\/pages\/84\/revisions"}],"predecessor-version":[{"id":229,"href":"https:\/\/usinagelab.com\/index.php\/wp-json\/wp\/v2\/pages\/84\/revisions\/229"}],"wp:attachment":[{"href":"https:\/\/usinagelab.com\/index.php\/wp-json\/wp\/v2\/media?parent=84"}],"curies":[{"name":"wp","href":"https:\/\/api.w.org\/{rel}","templated":true}]}}